factors of 1048.
2, 131
What are the prime factors of 60551?
151, 401
What are the prime factors of 686?
2, 7
What are the prime factors of 16374?
2, 3, 2729
List the prime factors of 419.
419
What are the prime factors of 289?
17
What are the prime factors of 74?
2, 37
List the prime factors of 8781.
3, 2927
What are the prime factors of 69695?
5, 53, 263
What are the prime factors of 63083?
199, 317
List the prime factors of 30371.
11, 251
What are the prime factors of 5487?
3, 31, 59
List the prime factors of 3604.
2, 17, 53
List the prime factors of 67694.
2, 11, 17, 181
List the prime factors of 47.
47
List the prime factors of 29.
29
What are the prime factors of 83133?
3, 3079
List the prime factors of 18557.
7, 11, 241
What are the prime factors of 45344?
2, 13, 109
List the prime factors of 27840.
2, 3, 5, 29
What are the prime factors of 69437?
23, 3019
List the prime factors of 13109.
13109
What are the prime factors of 69776?
2, 7, 89
List the prime factors of 840.
2, 3, 5, 7
List the prime factors of 407.
11, 37
What are the prime factors of 72978?
2, 3, 12163
What are the prime factors of 1945?
5, 389
List the prime factors of 10784.
2, 337
What are the prime factors of 2927?
2927
What are the prime factors of 1530?
2, 3, 5, 17
What are the prime factors of 16437?
3, 5479
What are the prime factors of 31299?
3, 10433
List the prime factors of 3142.
2, 1571
What are the prime factors of 1646?
2, 823
What are the prime factors of 94742?
2, 127, 373
List the prime factors of 9500.
2, 5, 19
List the prime factors of 923.
13, 71
What are the prime factors of 1765?
5, 353
What are the prime factors of 706?
2, 353
What are the prime factors of 49824?
2, 3, 173
What are the prime factors of 4168?
2, 521
What are the prime factors of 2730?
2, 3, 5, 7, 13
What are the prime factors of 3274?
2, 1637
List the prime factors of 599.
599
List the prime factors of 3995.
5, 17, 47
What are the prime factors of 4784?
2, 13, 23
List the prime factors of 35091.
3, 7, 557
List the prime factors of 39063.
3, 29, 449
What are the prime factors of 3809?
13, 293
What are the prime factors of 581?
7, 83
List the prime factors of 46915.
5, 11, 853
What are the prime factors of 1740?
2, 3, 5, 29
List the prime factors of 478.
2, 239
What are the prime factors of 26369?
7, 3767
What are the prime factors of 1002?
2, 3, 167
List the prime factors of 8262.
2, 3, 17
List the prime factors of 46264.
2, 5783
What are the prime factors of 37495?
5, 7499
What are the prime factors of 1638?
2, 3, 7, 13
List the prime factors of 98213.
98213
List the prime factors of 22607.
13, 37, 47
List the prime factors of 1680.
2, 3, 5, 7
What are the prime factors of 14782?
2, 19, 389
List the prime factors of 4970.
2, 5, 7, 71
What are the prime factors of 2740?
2, 5, 137
What are the prime factors of 157?
157
What are the prime factors of 31698?
2, 3, 587
List the prime factors of 12542.
2, 6271
What are the prime factors of 668?
2, 167
What are the prime factors of 10432?
2, 163
What are the prime factors of 74851?
7, 17, 37
What are the prime factors of 4395?
3, 5, 293
What are the prime factors of 158929?
103, 1543
List the prime factors of 4006.
2, 2003
List the prime factors of 7029.
3, 11, 71
List the prime factors of 14409.
3, 1601
List the prime factors of 1165.
5, 233
List the prime factors of 41.
41
What are the prime factors of 18676?
2, 7, 23, 29
List the prime factors of 24265.
5, 23, 211
List the prime factors of 73130.
2, 5, 71, 103
List the prime factors of 9092.
2, 2273
List the prime factors of 3953.
59, 67
List the prime factors of 12564.
2, 3, 349
What are the prime factors of 6687?
3, 743
List the prime factors of 354.
2, 3, 59
List the prime factors of 3189.
3, 1063
What are the prime factors of 1553?
1553
What are the prime factors of 5703?
3, 1901
What are the prime factors of 4373?
4373
List the prime factors of 17902.
2, 8951
List the prime factors of 13223.
7, 1889
List the prime factors of 703.
19, 37
List the prime factors of 736.
2, 23
List the prime factors of 2178.
2, 3, 11
What are the prime factors of 98640?
2, 3, 5, 137
List the prime factors of 1175.
5, 47
What are the prime factors of 4017?
3, 13, 103
What are the prime factors of 5263?
19, 277
What are the prime factors of 83?
83
List the prime factors of 6492.
2, 3, 541
List the prime factors of 8170.
2, 5, 19, 43
List the prime factors of 4477.
11, 37
What are the prime factors of 4264?
2, 13, 41
What are the prime factors of 6742?
2, 3371
List the prime factors of 1709.
1709
What are the prime factors of 103603?
313, 331
List the prime factors of 31557.
3, 67, 157
What are the prime factors of 93089?
93089
What are the prime factors of 1222?
2, 13, 47
What are the prime factors of 6020?
2, 5, 7, 43
What are the prime factors of 31242?
2, 3, 41, 127
What are the prime factors of 1795?
5, 359
What are the prime factors of 154013?
233, 661
What are the prime factors of 4340?
2, 5, 7, 31
What are the prime factors of 1103?
1103
What are the prime factors of 46589?
46589
What are the prime factors of 174876?
2, 3, 13, 19, 59
What are the prime factors of 9062?
2, 23, 197
What are the prime factors of 20366?
2, 17, 599
What are the prime factors of 3166?
2, 1583
What are the prime factors of 27746?
2, 13873
What are the prime factors of 9100?
2, 5, 7, 13
What are the prime factors of 1452?
2, 3, 11
What are the prime factors of 3275?
5, 131
List the prime factors of 19453.
7, 397
List the prime factors of 2046.
2, 3, 11, 31
What are the prime factors of 66707?
41, 1627
List the prime factors of 36320.
2, 5, 227
What are the prime factors of 8084?
2, 43, 47
What are the prime factors of 1210?
2, 5, 11
What are the prime factors of 43799?
7, 6257
List the prime factors of 8916.
2, 3, 743
What are the prime factors of 45675?
3, 5, 7, 29
What are the prime factors of 30097?
30097
List the prime factors of 463.
463
What are the prime factors of 49848?
2, 3, 31, 67
What are the prime factors of 447?
3, 149
What are the prime factors of 882?
2, 3, 7
What are the prime factors of 916?
2, 229
What are the prime factors of 3714?
2, 3, 619
List the prime factors of 328.
2, 41
What are the prime factors of 56016?
2, 3, 389
What are the prime factors of 1140?
2, 3, 5, 19
What are the prime factors of 1039?
1039
What are the prime factors of 992?
2, 31
What are the prime factors of 8812?
2, 2203
What are the prime factors of 1466?
2, 733
List the prime factors of 43257.
3, 14419
List the prime factors of 210.
2, 3, 5, 7
What are the prime factors of 25002?
2, 3, 463
What are the prime factors of 1840?
2, 5, 23
What are the prime factors of 488?
2, 61
What are the prime factors of 1405?
5, 281
What are the prime factors of 96468?
2, 3, 8039
List the prime factors of 1043.
7, 149
What are the prime factors of 6384?
2, 3, 7, 19
What are the prime factors of 5428?
2, 23, 59
List the prime factors of 116004.
2, 3, 7, 1381
What are the prime factors of 3195?
3, 5, 71
List the prime factors of 8961.
3, 29, 103
List the prime factors of 23095.
5, 31, 149
List the prime factors of 1371.
3, 457
What are the prime factors of 139?
139
List the prime factors of 14460.
2, 3, 5, 241
What are the prime factors of 59315?
5, 11863
What are the prime factors of 25424?
2, 7, 227
What are the prime factors of 80046?
2, 3, 4447
List the prime factors of 1398.
2, 3, 233
List the prime factors of 1617.
3, 7, 11
List the prime factors of 8245.
5, 17, 97
What are the prime factors of 7276?
2, 17, 107
What are the prime factors of 1549?
1549
List the prime factors of 122565.
3, 5, 8171
List the prime factors of 475.
5, 19
List the prime factors of 15677.
61, 257
What are the prime factors of 6560?
2, 5, 41
What are the prime factors of 143155?
5, 28631
What are the prime factors of 10170?
2, 3, 5, 113
List the prime factors of 907.
907
List the prime factors of 3493.
7, 499
List the prime factors of 3555.
3, 5, 79
List the prime factors of 22462.
2, 11, 1021
List the prime factors of 43577.
43577
List the prime factors of 30482.
2, 15241
What are the prime factors of 11379?
3, 3793
What are the prime factors of 109?
109
List the prime factors of 572.
2, 11, 13
What are the prime factors of 21109?
11, 19, 101
What are the prime